t c(o) = -k(o) - 4*r(o). Let z(a) = -5 + 4 + 7*a + 0. Let u be z(1). Calculate c(u).
3
Let o(n) be the third derivative of 6*n**2 + 1/12*n**4 - 1/3*n**3 + 1/20*n**5 + 0 + 0*n. Suppose -9*x + 4 + 14 = 0. What is o(x)?
14
Let i(u) = 8*u. Let v be (-169)/(-39)*-14 - (-2)/(-6). Suppose -310 = 7*j - 2*j. Let m = v - j. Give i(m).
8
Suppose -i - q = 2*q + 4, -2*q = 2*i. Let p(v) = 6*v**i - 1 + 5*v - 9*v - 2 - 9*v**2. Calculate p(-3).
-18
Let t = -3140 + 3148. Let y(a) = a**2 + a + 9. Give y(t).
81
Let m(d) = d**2 - 5*d - 1. Let p(s) = 32*s + 9. Let r be p(1). Suppose -r*f - 99 = -52*f. Give m(f).
35
Let m(i) = 21 + 19*i - 56 + 13 + 29. Calculate m(-1).
-12
Let d be (-1)/(-4) - (-70)/8. Let s(j) be the third derivative of j**4/24 - 3*j**3 + 227*j**2 + 4*j - 9. Calculate s(d).
-9
Suppose -3*k - 20 = -4*p + k, -5*k - 25 = -3*p. Suppose 5*j + p - 10 = 0. Let y(g) = -g**2 + 10*g - 23 - 8*g + 3*g**3 - g**3 + 21. What is y(j)?
14
Let n(z) = z**3 + z**2 - 3*z + 5. Let v(u) = u**3 + 3*u**2 - 23*u - 34. Suppose -30*b + 8*b - 132 = 0. Let l be v(b). Give n(l).
-31
Let k(h) = -648*h - 10 - 16 + 1938*h - 648*h - 645*h. Calculate k(-13).
13
Let f(u) = 172*u - 47. Let c(n) = -146*n + 46. Let o(a) = 6*c(a) + 5*f(a). Give o(3).
-7
Let t be -5*(-9)/15*4/6. Let u(j) = -49*j - 56*j + 103*j + 1 + 3*j**t. Let a be 27/18 + (-2)/(-4). What is u(a)?
9
Let d(t) = 2*t**2 + 3*t - 4. Let y be 154/6 - (-36)/(-54). Suppose -52*g = -28*g - y*g. Let p be (-1)/3*(g + 9). Give d(p).
5
Let w(z) = -5 - 7 + z + z. Suppose -2*o + 5*s + 35 = 0, -2*s = -5*s - 15. Suppose -37 = -4*r - 0*b - 5*b, -o*b + 29 = 3*r. Determine w(r).
4
Let k(c) = -22*c - 77 - 80 + 4*c - c**2 + 159. Determine k(-23).
-113
Let n(r) = -111*r + 23. Let z(q) = -125*q + 23. Let s(a) = 9*n(a) - 8*z(a). What is s(23)?
46
Suppose 2*v - 12 = -v. Suppose -7*a = -10*a + 438. Let w(f) = -71 - 71 + a + f. Calculate w(v).
8
Let s(m) = 2*m**2 + m - 18. Let u be s(9). Suppose 0 = 2*f - 3*n - 38, -5*f - n - 24 = -u. Let y(b) = b**3 - 25*b**2 + b - 30. Calculate y(f).
-5
Let q = -9 - -11. Let z(a) = -7*a**2 + 14*a**2 + 21 - 9 + q*a - 6*a**2 - 10. Let d be 6/5*(-5)/(-2). What is z(d)?
17
Let z(j) = -j**2. Let t(c) = c**2 + 4*c - 1. Let b(n) = -t(n) - 2*z(n). Suppose -20 = 396*y - 401*y. What is b(y)?
1
Let x(p) = -p**3 - 684315 - 2*p + 13*p + 684306. Calculate x(-4).
11
Let l be -2 + (-18)/(-15)*(-30)/(-9). Let i(k) = 8*k**l + 6 - 4*k - 2*k + 7*k + k**3. Determine i(-8).
-2
Let a = -416 + 418. Let c(r) = 5*r - r**a + 4 + 6*r - 14*r - 2*r**2 + r**2 + r**3. What is c(4)?
24
Let r(j) be the second derivative of 1/20*j**5 + 2*j - 1/3*j**3 - 2/3*j**4 - 7 + 11/2*j**2. What is r(8)?
-5
Let u(j) = 878*j**2 - 1 - 3 - 877*j**2 - 4 + 8*j. Suppose -12*g + 36 = -16*g. What is u(g)?
1
Let o(l) = l**2 + 3*l - 7. Let s be o(-10). Suppose 10*b - s = 197. Let u(x) = -5*x + b*x**2 + 9 + 2*x + x**3 - 32*x**2. Calculate u(6).
-9
Let y(b) = -3 - 5*b + 5*b - 3*b. Let h be 2 + 78 - ((0 - -3) + -1). Let f be -85 + h + 1 + 0. Give y(f).
15
Let g(t) = 15*t + 3. Let s = 82 - 65. Let k(p) = 5*p + 1. Let u(d) = s*k(d) - 6*g(d). Let w be -4 + 170/45 + 29/9. What is u(w)?
-16
Let t = 1351/4068 + 5/4068. Let a(x) be the second derivative of 0 + 3/2*x**2 + 1/4*x**4 - t*x**3 - 8*x - 1/20*x**5. What is a(2)?
3
Let z(n) = -1 + 2 - 25*n + 21*n - 5. Let k(u) = -256 - 5*u + 121 + 131. Let x(d) = -3*k(d) + 4*z(d). Calculate x(0).
-4
Let q(s) = -s**2 - 8*s + 13. Let d be 4/(-2) - (-48)/32 - (-51)/(-6). What is q(d)?
4
Let q(f) = -2*f**2 + 3*f**2 - 2*f**2 + 3*f**2. Let n = 5981 - 5979. Give q(n).
8
Let b(c) = -12*c + 19. Let y(l) = 51*l**2 + 514*l + 42. Let k be y(-10). Give b(k).
-5
Suppose 22*r = 19*r + 1158. Let h = r + -393. Let q(i) = i**3 + 7*i**2 + i - 6. Determine q(h).
-13
Let l(a) = 2*a**2 + 644 - a + 8*a**2 - 18*a**2 - 640 + 6*a**2. Determine l(0).
4
Let q = 238 - 145. Let p = -97 + q. Let a(y) = 4*y + 14. Calculate a(p).
-2
Let j be ((-16 - -6)/5)/((-4)/(-6)). Let s(v) be the third derivative of -v**5/30 + v**4/12 + v**3/3 - 283*v**2. Calculate s(j).
-22
Let h(q) = q**2 - 13*q - 5. Let f = -38020 + 38033. Determine h(f).
-5
Suppose -11*s - 90 = -41*s. Let v(i) = 110*i**3 + i + 110*i**3 + 1 + 2*i**2 - 221*i**3. What is v(s)?
-5
Let g be -3 - (1 - (4 - 6)). Let v(x) = x - 56. Let q(h) = 4*h - 153. Let d(w) = -4*q(w) + 11*v(w). Give d(g).
26
Let m(u) = -8*u - 1. Suppose -3*b + 6 = 0, -k - 2*b = -7*b + 81. Let f(x) = 79*x + 543. Let y be f(-6). Let v = k + y. Give m(v).
15
Let u be (-24)/(-4)*(-3)/(-6). Let z(v) = -6*v**2 + u*v**2 + 0*v**2 - 976*v - 1 + 978*v. Calculate z(3).
-22
Suppose 2*c - 3*n = -6*n + 4, 2*c - 12 = n. Suppose 10*u - c = -25. Let b(k) = -k**2 + 6. Let q(m) = -m**2 + 5. Let r(d) = -4*b(d) + 5*q(d). Determine r(u).
-3
Suppose 109*n - 108*n + 7 = g, g + 13 = 5*n. Let w(s) = -s**2 + 11*s - 7. Give w(g).
-19
Let t(c) = -c**3 - 23*c**2 - 43*c - 22. Let f(r) = r**2 - 161*r + 909. Let l be f(6). Determine t(l).
-1
Let k(r) = -112*r + 55*r + 55*r - 13. Determine k(-3).
-7
Let q(m) = 13*m**2 - 20*m**2 - 57*m + 46*m - 20. Let c(g) = 11*g**2 + 17*g + 32. Let t(r) = -5*c(r) - 8*q(r). What is t(-3)?
0
Suppose 2*j + 2*b = -28, 2*j = -4*b + 760 - 802. Let o(n) = -n**3 - 10*n**2 - 12*n + 29. What is o(j)?
-34
Let t(c) = -26*c - 22. Let s(v) = -12*v - 9. Let b(m) = 7*s(m) - 3*t(m). Suppose -3*k - 7 = -40. Let h(n) = -30*n + 16. Let f(p) = k*b(p) - 2*h(p). Give f(-1).
7
Let x = -95102 - -95108. Let c(s) = -s**3 - 4*s - 10. Let p(j) = -3*j**3 + j**2 - 11*j - 29. Let h(k) = 17*c(k) - 6*p(k). Calculate h(x).
-8
Let j(p) = -p**3 - 13*p**2 + 26*p - 23. Let o be j(-15). Let u(d) = 11*d - 16 + o - d - 25. Give u(4).
36
Let o(r) = r**2 + 9*r - 7. Let z be 18/(-45) + 54/10. Let g be (2 - z)/(25/7 - 4). Let n be (2 + -1 + -2)*g + -2. Determine o(n).
-7
Suppose 5*f - 2*p + 2 = 52, -4*p - 20 = 0. Let g(r) = -3*r + 6. Calculate g(f).
-18
Let m be -3 + 35*10/70. Let h(s) = -15*s + 5. Give h(m).
-25
Let q(f) = -5*f + 59. Let n be (18/(-14) - 24/(-84))/((-14)/140). Give q(n).
9
Let t(u) = -14 - 13 + 5 + 2 - u. Suppose -50*n - 9 = -3*i - 53*n, 0 = -4*i + 2*n - 6. Calculate t(i).
-20
Let m(k) = -3*k + 8. Let p(v) = 4*v - 9. Let u(n) = 5*m(n) + 4*p(n). Suppose -3*b + 59 - 14 = -2*h, 0 = -4*b - 4*h + 40. What is u(b)?
17
Let s(o) = -o**2 + 26*o - 29. Let m = -434 + 701. Let w = m + -242. What is s(w)?
-4
Let o(j) = 3*j**2 + 2*j + 10. Let i be o(7). Let y be i/27 + (-3)/9. Let u(q) = -q**2 + 3*q + 6. Determine u(y).
-12
Let y = 11 + -9. Let h(a) = a**2 - a - 9. Let k(s) be the third derivative of -s**5/30 + s**4/12 + 11*s**3/6 - 37*s**2. Let q(u) = 5*h(u) + 4*k(u). Give q(y).
-7
Suppose 3*t - 5 - 11 = -z, z - t = 0. Let a(f) = -277*f**2 - 7*f + 1. Let s(d) = 785*d**2 + 20*d - 4. Let q(k) = 17*a(k) + 6*s(k). Determine q(z).
13
Let i = 443 + -442. Let w(t) be the first derivative of 2*t**2 - 88. Calculate w(i).
4
Let y(o) = 9*o**2 - 35*o + 18. Let h(k) = 20*k**2 - 72*k + 38. Let i(b) = -3*h(b) + 7*y(b). What is i(8)?
-28
Suppose -n - 3 = 4*d, -2*n + 1 = 2*d - 11. Let x(h) = -5*h + 50. Give x(n).
5
Let p(c) be the third derivative of 5*c**4/24 + 17*c**3/6 - 3*c**2 + 506. Determine p(-10).
-33
Let s = 1858 + -1850. Let i(n) = n - 8. What is i(s)?
0
Let m(t) = -t + 9. Let f(s) = 7*s - 9 + 2 - 23*s**2 + 25*s**2 + 7*s - 15. Let n be f(-8). Determine m(n).
15
Let v(f) be the first derivative of -f**4/4 + f**2 - 2. Let k(n) = 38*n + 94. Let m(d) = -13*d - 31. Let c(q) = -6*k(q) - 17*m(q). Let s be c(-5). Give v(s).
4
Suppose -4*x - 6*a - 158 = 0, 20*a = 5*x + 18*a + 245. Let w(y) = -15*y - 714. Calculate w(x).
-9
Let s = -1 - -4. Let g(j) be the second derivative of j**5/30 - j**4/8 - j**3/2 - 10*j**2 + 3*j + 19. Let l(f) be the first derivative of g(f). Determine l(s).
6
Let g(k) = k**2 - 12*k - 2. Let j be ((-40)/5 + 10)/((-8)/(-52)). Give g(j).
11
Let z(u) = 31*u**2 - u + 3. Let n(w) = 12*w**2 - w + 1. Let c(m) = 7*n(m) - 3*z(m). Let b = -1 - 1. Calculate c(b).
-30
Suppose -x = x + 10, -90 = -5*z - 2*x. Suppose -9*q - z = -5*q. Let w(j) = -2 + j - 8 + 7. Calculate w(q).
-8
Let c(h) = -293*h - 9 + 668*h - 2*h**2 - 389*h. Calculate c(-6).
3
Let t = 164142 - 164140. Let q(d) = -2 + 0*d + 3*d - 5*d. Calculate q(t).
-6
Let i(h) be the second derivative of 7*h**4/12 - 3*h**2/2 + h + 16. Give 